 2050815?
0
What is the millions digit of 18768929?
8
What is the hundred thousands digit of 1007359?
0
What is the thousands digit of 979317?
9
What is the ten thousands digit of 202899?
0
What is the tens digit of 1498468?
6
What is the hundred thousands digit of 275783?
2
What is the ten thousands digit of 1044350?
4
What is the units digit of 1322878?
8
What is the thousands digit of 250581?
0
What is the tens digit of 80102?
0
What is the hundred thousands digit of 17600226?
6
What is the thousands digit of 408925?
8
What is the ten thousands digit of 493081?
9
What is the hundred thousands digit of 3014826?
0
What is the ten thousands digit of 144714?
4
What is the ten thousands digit of 12880880?
8
What is the millions digit of 3343051?
3
What is the ten thousands digit of 4186636?
8
What is the ten thousands digit of 175402?
7
What is the thousands digit of 6601950?
1
What is the hundreds digit of 747251?
2
What is the thousands digit of 26327?
6
What is the thousands digit of 8244128?
4
What is the hundred thousands digit of 480876?
4
What is the ten thousands digit of 304322?
0
What is the thousands digit of 2363165?
3
What is the ten thousands digit of 30718797?
1
What is the hundreds digit of 3865144?
1
What is the hundreds digit of 2225120?
1
What is the hundreds digit of 1270696?
6
What is the millions digit of 10822639?
0
What is the tens digit of 7723235?
3
What is the thousands digit of 5103283?
3
What is the tens digit of 183068?
6
What is the hundreds digit of 6798577?
5
What is the ten thousands digit of 15927?
1
What is the hundreds digit of 9344095?
0
What is the ten millions digit of 19006904?
1
What is the units digit of 7576184?
4
What is the thousands digit of 6923717?
3
What is the units digit of 264487?
7
What is the ten thousands digit of 1541930?
4
What is the tens digit of 308555?
5
What is the ten thousands digit of 308276?
0
What is the ten thousands digit of 147999?
4
What is the units digit of 2843950?
0
What is the hundreds digit of 1186?
1
What is the thousands digit of 8845168?
5
What is the hundreds digit of 2993341?
3
What is the hundred thousands digit of 219883?
2
What is the ten thousands digit of 973716?
7
What is the hundreds digit of 75519?
5
What is the thousands digit of 575904?
5
What is the hundreds digit of 280884?
8
What is the tens digit of 5699313?
1
What is the hundreds digit of 8189568?
5
What is the millions digit of 3439286?
3
What is the hundreds digit of 21130987?
9
What is the ten thousands digit of 951708?
5
What is the hundred thousands digit of 7097435?
0
What is the ten thousands digit of 1072668?
7
What is the thousands digit of 974169?
4
What is the units digit of 538844?
4
What is the hundred thousands digit of 300896?
3
What is the hundred thousands digit of 1110329?
1
What is the ten thousands digit of 451379?
5
What is the units digit of 1402952?
2
What is the hundred thousands digit of 467359?
4
What is the hundred thousands digit of 2197730?
1
What is the tens digit of 111881?
8
What is the tens digit of 3297577?
7
What is the millions digit of 1568390?
1
What is the hundreds digit of 468652?
6
What is the tens digit of 841761?
6
What is the thousands digit of 599532?
9
What is the hundred thousands digit of 14883676?
8
What is the hundred thousands digit of 1539439?
5
What is the ten millions digit of 18682618?
1
What is the tens digit of 29319184?
8
What is the thousands digit of 56620?
6
What is the hundred thousands digit of 1542510?
5
What is the ten thousands digit of 4356188?
5
What is the units digit of 2493832?
2
What is the hundred thousands digit of 160674?
1
What is the thousands digit of 58978?
8
What is the ten thousands digit of 713645?
1
What is the millions digit of 4218795?
4
What is the units digit of 46868?
8
What is the millions digit of 2198419?
2
What is the hundred thousands digit of 165651?
1
What is the tens digit of 7755971?
7
What is the hundreds digit of 3921485?
4
What is the millions digit of 4535208?
4
What is the ten thousands digit of 577018?
7
What is the hundreds digit of 212918?
9
What is the millions digit of 1145791?
1
What is the hundred thousands digit of 458472?
4
What is the hundred thousands digit of 6188295?
1
What is the tens digit of 3553138?
3
What is the thousands digit of 141578?
1
What is the thousands digit of 425611?
5
What is the units digit of 288512?
2
What is the tens digit of 21148836?
3
What is the ten thousands digit of 3108615?
0
What is the units digit of 427845?
5
What is the hundred thousands digit of 2609540?
6
What is the thousands digit of 5836816?
6
What is the thousands digit of 15194520?
4
What is the ten thousands digit of 1231199?
3
What is the thousands digit of 4541848?
1
What is the hundreds digit of 1545955?
9
What is the thousands digit of 319648?
9
What is the units digit of 12944914?
4
What is the ten thousands digit of 8196406?
9
What is the hundred thousands digit of 1395848?
3
What is the tens digit of 171122?
2
What is the hundred thousands digit of 808325?
8
What is the thousands digit of 145198?
5
What is the hundreds digit of 241031?
0
What is the tens digit of 552744?
4
What is the ten thousands digit of 831496?
3
What is the tens digit of 502576?
7
What is the hundreds digit of 712235?
2
What is the millions digit of 2138678?
2
What is the hundreds digit of 158548?
5
What is the units digit of 7010933?
3
What is the hundreds digit of 621573?
5
What is the hundred thousands digit of 4059089?
0
What is the ten thousands digit of 1157829?
5
What is the ten thousands digit of 3274287?
7
What is the hundred thousands digit of 8150185?
1
What is the hundreds digit of 1179886?
8
What is the millions digit of 21621802?
1
What is the hundreds digit of 1494780?
7
What is the tens digit of 10981627?
2
What is the thousands digit of 723208?
3
What is the ten thousands digit of 2916184?
1
What is the hundreds digit of 25343515?
5
What is the ten thousands digit of 929929?
2
What is the thousands digit of 3394744?
4
What is the hundreds digit of 35303916?
9
What is the hundreds digit of 1034691?
6
What is the hundred thousands digit of 1719737?
7
What is the tens digit of 204388?
8
What is the thousands digit of 991698?
1
What is the hundreds digit of 200878?
8
What is the thousands digit of 10442884?
2
What is the tens digit of 388950?
5
What is the units digit of 17528?
8
What is the thousands digit of 11180641?
0
What is the ten thousands digit of 1140970?
4
What is the thousands digit of 6206886?
6
What is the thousands digit of 1943665?
3
What is the hundred thousands digit of 20845366?
8
What is the hundred thousands digit of 1908356?
9
What is the tens digit of 50192?
9
What is the tens digit of 521229?
2
What is the tens digit of 7278287?
8
What is the millions digit of 1123302?
1
What is the hundreds digit of 1435115?
1
What is the units digit of 2663666?
6
What is the tens digit of 99432?
3
What is the units digit of 181233?
3
What is the thousands digit of 20168278?
8
What is the tens digit of 72921?
2
What is the hundreds digit of 267942?
9
What is the thousands digit of 6679908?
9
What is the thousands digit of 767948?
7
What is the units digit of 1888107?
7
What is the thousands digit of 7107820?
7
What is the ten thousands digit of 16143645?
4
What is the tens digit of 883573?
7
What is the thousands digit of 8052856?
2
What is the millions digit of 5690416?
5
What is the millions digit of 18281750?
8
What is the ten thousands digit of 6272408?
7
What is the hundred thousands digit of 2264548?
2
What is the units digit of 6658298?
8
What is the millions digit of 10136883?
0
What is the units digit of 471658?
8
What is the ten thousands digit of 149624?
4
What is the units digit of 1814101?
1
What is the ten thousands digit of 1301857?
0
What is the ten thousands digit of 6530607?
3
What is the ten millions digit of 40878236?
4
What is the millions digit of 3209774?
3
What is the hundreds digit of 430419?
4
What is the ten thousands digit of 2172830?
7
What is the units digit of 723815?
5
What is the ten thousands digit of 241984?
4
What is the thousands digit of 1166696?
6
What is the hundreds digit of 1690782?
7
What is the ten thousands digit of 271956?
7
What is the hundred th